{"id":515,"date":"2019-02-07T07:34:57","date_gmt":"2019-02-07T06:34:57","guid":{"rendered":"http:\/\/biologische-medizin-nicolaidis.de\/?page_id=515"},"modified":"2021-06-26T10:44:32","modified_gmt":"2021-06-26T08:44:32","slug":"infusionstherapie","status":"publish","type":"page","link":"https:\/\/biologische-medizin-nicolaidis.de\/?page_id=515","title":{"rendered":"Infusionstherapie"},"content":{"rendered":"<p><strong>Warum Infusionen?<\/strong><\/p>\n<p>Extreme Belastungssituation, wie dauerhafter Stress oder schwere Erkrankungen, rauben dem K\u00f6rper massiv Vitamine, Mineralien, Spurenelemente und Aminos\u00e4uren. Solch schwerwiegende Defizite k\u00f6nnen kaum noch \u00fcber die Nahrung ausgeglichen werden.<\/p>\n<p><strong>Was ist eine Infusion?<\/strong><\/p>\n<p>Bei einer Infusion wird eine Nadel in eine Vene gelegt. \u00dcber diesen Zugang k\u00f6nnen sehr schnell gr\u00f6\u00dfere Mengen an Vitaminen, Mineralien, Aminos\u00e4uren oder anderen Wirkstoffen verabreicht werden. Im Unterschied zur oralen Gabe (Tabletten, Kapseln oder Tropfen) erreichen die N\u00e4hrstoffe \u00fcber die Vene jegliches K\u00f6rpergewebe zu 100 % und sind sofort bioverf\u00fcgbar. Dadurch k\u00f6nnen Mangelzust\u00e4nde, Entz\u00fcndungen oder Infekte sehr schnell bek\u00e4mpft werden.<\/p>\n<p>Die Mikron\u00e4hrstoffe tropfen langsam in die Vene und werden \u00fcber das Herz-Kreislauf-System im ganzen K\u00f6rper verteilt. Die durchschnittliche Dauer einer solchen Infusion betr\u00e4gt ca. eine Stunde.<\/p>\n<p><strong>Infusionskonzepte <\/strong><\/p>\n<p>In meiner Praxis biete ich individuelle Infusionskonzepte aufgrund einer vorausgegangen Blutanalyse Ihres Mikron\u00e4hrstoffzustandes an.<\/p>\n<p>Insbesondere den Vitamin C-Hochdosisinfusionen kommt dabei aufgrund ihres extrem breiten Wirkungsspektrums eine zentrale Bedeutung zu.\u00a0 Die Vitamin C-Hochdosisinfusionen k\u00f6nnen je nach individuellem Bedarf um weitere Vitamine, Mineralien, Spurenelemente und Aminos\u00e4uren erg\u00e4nzt werden.<\/p>\n<p>Detaillierte Infos zu Vitamin C-Hochdosisinfusionen finden Sie unter &#8222;Aktuell&#8220;.<\/p>\n<p>Zur (Schwermetall)Ausleitung kommen Alphalipons\u00e4ure-Infusionen zum Einsatz. Die Alphalipons\u00e4ure erreicht alle wasserl\u00f6slichen und fettl\u00f6slichen Gewebe im K\u00f6rper, also auch das Gehirn. Sie bindet Schwermetalle, baut Homocystein ab und wirkt somit Ablagerungen und Entz\u00fcndungen in den Gef\u00e4\u00dfen entgegen. Sie ist entz\u00fcndungshemmend, antiviral und antibakteriell und kann helfen, den Blutzuckerspiegel zu senken.<\/p>\n<p><strong>Angebote<\/strong><\/p>\n\n<table id=\"tablepress-3\" class=\"tablepress tablepress-id-3\">\n<tbody class=\"row-striping\">\n<tr class=\"row-1\">\n\t<td class=\"column-1\">Vitamin C-Infusion (7,5 g\/100 ml) \u00a0 \u00a0<\/td><td class=\"column-2\">80 \u20ac*<\/td>\n<\/tr>\n<tr class=\"row-2\">\n\t<td class=\"column-1\">Vitamin C-Infusion (15 g\/250 ml) \u00a0 \u00a0<\/td><td class=\"column-2\">100 \u20ac*<\/td>\n<\/tr>\n<tr class=\"row-3\">\n\t<td class=\"column-1\">Vitamin C-Infusion (25 g\/300 ml) \u00a0<\/td><td class=\"column-2\">120 \u20ac<\/td>\n<\/tr>\n<tr class=\"row-4\">\n\t<td class=\"column-1\">Ents\u00e4uerungsinfusion (Baseninfusion\/100 ml) <\/td><td class=\"column-2\">80 \u20ac<\/td>\n<\/tr>\n<tr class=\"row-5\">\n\t<td class=\"column-1\">Ausleitungsinfusion (600 mg alpha-Lipon-S\u00e4ure\/150 ml) <\/td><td class=\"column-2\">80 \u20ac<\/td>\n<\/tr>\n<\/tbody>\n<\/table>\n<!-- #tablepress-3 from cache -->\n<p>* Diese Infusionen k\u00f6nnen um weitere Mikron\u00e4hrstoffe erg\u00e4nzt werden.<\/p>\n","protected":false},"excerpt":{"rendered":"<p>Warum Infusionen? Extreme Belastungssituation, wie dauerhafter Stress oder schwere Erkrankungen, rauben dem K\u00f6rper massiv Vitamine, Mineralien, Spurenelemente und Aminos\u00e4uren. Solch schwerwiegende Defizite k\u00f6nnen kaum noch \u00fcber die Nahrung ausgeglichen werden. Was ist eine Infusion? Bei einer Infusion wird eine Nadel in eine Vene gelegt. \u00dcber diesen Zugang k\u00f6nnen sehr schnell gr\u00f6\u00dfere Mengen an Vitaminen, Mineralien, &hellip; <a href=\"https:\/\/biologische-medizin-nicolaidis.de\/?page_id=515\" class=\"more-link\"><span class=\"screen-reader-text\">Infusionstherapie<\/span> weiterlesen <span class=\"meta-nav\">&rarr;<\/span><\/a><\/p>\n","protected":false},"author":1,"featured_media":0,"parent":0,"menu_order":0,"comment_status":"closed","ping_status":"closed","template":"","meta":{"footnotes":""},"class_list":["post-515","page","type-page","status-publish","hentry"],"_links":{"self":[{"href":"https:\/\/biologische-medizin-nicolaidis.de\/index.php?rest_route=\/wp\/v2\/pages\/515","targetHints":{"allow":["GET"]}}],"collection":[{"href":"https:\/\/biologische-medizin-nicolaidis.de\/index.php?rest_route=\/wp\/v2\/pages"}],"about":[{"href":"https:\/\/biologische-medizin-nicolaidis.de\/index.php?rest_route=\/wp\/v2\/types\/page"}],"author":[{"embeddable":true,"href":"https:\/\/biologische-medizin-nicolaidis.de\/index.php?rest_route=\/wp\/v2\/users\/1"}],"replies":[{"embeddable":true,"href":"https:\/\/biologische-medizin-nicolaidis.de\/index.php?rest_route=%2Fwp%2Fv2%2Fcomments&post=515"}],"version-history":[{"count":16,"href":"https:\/\/biologische-medizin-nicolaidis.de\/index.php?rest_route=\/wp\/v2\/pages\/515\/revisions"}],"predecessor-version":[{"id":894,"href":"https:\/\/biologische-medizin-nicolaidis.de\/index.php?rest_route=\/wp\/v2\/pages\/515\/revisions\/894"}],"wp:attachment":[{"href":"https:\/\/biologische-medizin-nicolaidis.de\/index.php?rest_route=%2Fwp%2Fv2%2Fmedia&parent=515"}],"curies":[{"name":"wp","href":"https:\/\/api.w.org\/{rel}","templated":true}]}}